17109 - -47583. What is the tens digit of n?
7
Suppose 0 = -2*x - 17 + 25. Let c(h) = -h**3 + 4*h**2 - 5*h + 2. Let b be c(x). Let m = 74 + b. What is the units digit of m?
6
What is the thousands digit of ((2/5)/(93/620))/((-8)/(-48876))?
6
Suppose 18*b = 29*b - 2*v - 285480, 2*b + 5*v = 51943. What is the ten thousands digit of b?
2
Suppose -219*r = 136*r - 11108660. What is the tens digit of r?
9
Let c = -4 + 306. Suppose 0 = -8*p + 4638 - c. What is the hundreds digit of p?
5
Suppose -6*k = -2*k - 24. Let y(p) = 6*p**2 + 8 - 10 + k*p - 5*p**2. What is the units digit of y(6)?
0
Let b(u) = u**3 + u - 4. Suppose -5*q + 2*t = -5 - 16, 0 = -q + 5*t + 18. Let k = q - 1. What is the units digit of b(k)?
6
Let p = -54 - -62. Suppose 4*h = -32 - p. What is the tens digit of (-302)/(-10) - (-1)/h*2?
3
Let t(w) = 361*w**3 + 2*w**2 - 34*w + 8. What is the units digit of t(5)?
3
Suppose 38 = 2*o - 258. Let h(n) = n**2 + 19*n + 82. Let f be h(-6). Suppose -188 = -4*j - f*b, o + 81 = 5*j + 3*b. What is the tens digit of j?
4
Suppose -177*m + 184*m = 350. Suppose m*j - 40*j = 3530. What is the tens digit of j?
5
What is the ten thousands digit of (6266/39)/(30/7335)?
3
Suppose 3*b = 4*c + 22050 + 59400, -2*c = 2*b - 54328. What is the ten thousands digit of b?
2
Let f(n) = n**3 + n**2 + 10*n - 619. What is the ten thousands digit of f(40)?
6
Let w be ((-64)/(-20))/(2/15). Let c = -14 + w. Suppose 0 = -3*a - 6, -2*n + 22 = 4*a + c. What is the units digit of n?
0
What is the ten thousands digit of 7578032/(-44)*4/(-28)?
2
What is the thousands digit of 10661 - 17 - ((-5)/(-5) + 3)?
0
Suppose -15*h - 7*h = -126073 - 466959. What is the tens digit of h?
5
Let c(p) be the second derivative of -p**4/3 - 7*p**3/6 + 11*p**2/2 - 18*p. Let g be c(-6). What is the tens digit of 1770/13 + 14/g?
3
Let w be ((-11)/((-396)/(-1215)))/((-6)/176). Suppose -6*x + w = -0*x. What is the hundreds digit of x?
1
Let a(l) = -409 + 212 + 22*l**2 + 236 - 15*l. What is the hundreds digit of a(4)?
3
Let w(r) be the first derivative of r**4/4 + 26*r**3/3 + 2*r**2 + r - 24. Let l be w(-11). Suppose 6*y + 194 = l. What is the units digit of y?
3
Suppose 12*j + 210 = 7*j. Let z = j + 181. Suppose 0 = -4*y + z + 193. What is the units digit of y?
3
Let p be (-1372)/(-42) + (-4)/6. What is the tens digit of 808/p - (0 - (-1)/4)?
2
Suppose -t = 2*t + 12. Let y(h) = 16*h - 43. Let f(m) = 225*m - 605. Let n(z) = 6*f(z) - 85*y(z). What is the tens digit of n(t)?
6
Let a(x) = x + 10. Let d(n) = n + 17. Let w be d(-14). Let z(g) = 3*g + 31. Let t(l) = w*z(l) - 8*a(l). What is the units digit of t(-8)?
5
Let p = -54 - -21. Let u be (1 + 2)/(p/110). What is the units digit of 26/1*(-65)/u?
9
Let l(c) = -3*c**3 - 3*c**2 + 4*c - 3. Let g(k) = -k**3 + 1. Let d = 56 + -55. Let y(j) = d*l(j) - 2*g(j). What is the units digit of y(-5)?
5
Let d(r) = -890*r + 6936. What is the units digit of d(-54)?
6
Let h(l) = l**3 + 13*l**2 + l + 15. Let x be h(-13). What is the hundreds digit of (-747)/(-5) - (x + (-24)/15)?
1
Let x(d) = 23*d - 4. Suppose -n = 4*a - 12, 3*n - 2*a - 36 = -a. Suppose -6 + 66 = n*c. What is the units digit of x(c)?
1
Let g(v) = 240*v - 951. What is the thousands digit of g(37)?
7
Let w(a) = -30*a + 3. Suppose -x - 10 = -11. Let c be w(x). What is the hundreds digit of 167*((-2)/(-3))/((-18)/c)?
1
Suppose 2*x + 63 = -4*l - 3*x, -3*l = -3*x + 27. What is the units digit of (221 - -1)/(l/(-5 + -1))?
1
Suppose 0 = -2*g - 414 + 1274. Suppose 0 = 4*h + 3*z - g, -3*z = h - 6*h + 551. Let s = h - 21. What is the units digit of s?
8
Let b = -370 - -4292. What is the hundreds digit of b?
9
Suppose -3*d - 2788 = -5*w + 13114, 3*d = -5*w + 15878. What is the tens digit of w?
7
Suppose -58*q - 2*p = -62*q + 15538, -3*q - p + 11656 = 0. What is the units digit of q?
5
Let m(p) = -489*p + 3556. What is the tens digit of m(6)?
2
Suppose -27635 = -38*h + 643331. What is the units digit of h?
7
Suppose 52*g - 516849 = -116345. What is the hundreds digit of g?
7
Suppose 15 = 5*y, -206*y + 210*y = -2*f + 96268. What is the hundreds digit of f?
1
What is the thousands digit of (-16)/((-224)/172830) + -13?
2
Suppose 60107 + 57716 = 46*s - 28319. What is the hundreds digit of s?
1
Suppose -h + 1028 = 4*a, 54*h + 3*a = 57*h - 3099. Suppose 3*n - 4*y - h = -67, 2*n + 3*y - 615 = 0. What is the tens digit of n?
1
Suppose -5150 = -28*z + 3*z. Suppose 2*g - z = 196. What is the tens digit of g?
0
What is the hundreds digit of (5 + 9525/(-9))/((-184)/30 - -6)?
9
Let a(j) = 112*j + 521. Let f(o) = 2*o**3 + 14*o**2 + 4*o + 40. Let h be f(-7). What is the thousands digit of a(h)?
1
Suppose 78531 + 17919 = 15*v. What is the units digit of v?
0
What is the hundreds digit of (-66)/(-11)*321825/126?
3
Let x(k) = -1262*k + 889. What is the thousands digit of x(-5)?
7
Suppose 5*x + 5*c + 31 + 4 = 0, 0 = -2*x + c - 29. What is the units digit of 639/4 - (3 - (-39)/x)?
0
Suppose -y + 125 = 5*a, -a + 5*a - 79 = -5*y. Let i be (12/24)/(1/a) + 1. Let w = i - -24. What is the tens digit of w?
3
Suppose 0 = 11*v + 3539 - 3605. Suppose 766 = 5*w + y + 3*y, 2*y - 308 = -2*w. What is the tens digit of (v/(-4))/((-9)/w)?
2
Let v = 11931 + -5450. What is the tens digit of v?
8
Suppose -6*f - 14172 = 26*f - 36*f. What is the units digit of f?
3
Suppose 0 = -4*k + p + 1546, -1927 = -k - 4*k + 4*p. Suppose 2*v - 422 = 4*w, -3*w = 5*v - 3*v - k. Suppose 949 = 4*l + v. What is the hundreds digit of l?
1
Let d be -3 - (-4 + (-3 - -4)) - -1038. Suppose 1043 = r - 5*w + 7*w, -r + 3*w = -d. What is the tens digit of r?
4
Suppose 30*m - 26*m - 2*i - 8850 = 0, 5*i + 4429 = 2*m. What is the thousands digit of m?
2
Suppose -830*f = -811*f - 11001. What is the units digit of f?
9
Suppose 0 = 17*b + 49 + 206. What is the tens digit of 2*299 - (b - -11)?
0
Let t be (5 - 3)/((-11)/(-5478)). Suppose -i + t = 2*b, -i = 3*i - 2*b - 4024. What is the thousands digit of i?
1
Suppose -3128*o + 3160*o = 568608. What is the units digit of o?
9
Suppose 0 = -2*y + a + 20150, 247*a = 2*y + 250*a - 20150. What is the units digit of y?
5
Let m = -33258 + 46612. What is the hundreds digit of m?
3
Let g = -106 + 126. Suppose -7913 = -g*f + 7827. What is the hundreds digit of f?
7
Let i = -5231 - -17499. What is the tens digit of i?
6
Let z = -70 + 84. What is the hundreds digit of ((-7)/z)/(8/(-13248))?
8
Suppose 3*t + 1247 = 4*q, 0 = -5*q - 6*t + t + 1550. Suppose 308*m = q*m - 783. What is the tens digit of m?
6
What is the thousands digit of (8/(-6))/((490/(-228675))/49)?
0
Let b(f) = f**2 + 406*f + 9967. What is the tens digit of b(0)?
6
Suppose -2*r = i - 1392, -4*i = -11*r + 6*r - 5503. Let c = i - 378. What is the units digit of c?
4
Let m = -34 + 35. Suppose 5*t + 119 = 3*s, 0 = -t - 0 - m. Suppose 37*z + 3 = s*z. What is the units digit of z?
3
Suppose 0 = 708*a - 752*a + 423280. What is the thousands digit of a?
9
Let u(b) = 230*b**2 + 7*b + 9. Let x be 3/2*(56/(-21))/4. What is the units digit of u(x)?
2
Let c be (-12 - (-472)/40) + (-202)/(-10). Let h(d) = d**3 - 17*d**2 - 31*d - 45. What is the hundreds digit of h(c)?
5
Suppose -8834 = -5*d + 2*q, 34*d + 5*q + 7074 = 38*d. What is the units digit of d?
6
Let l(j) = -88*j**3 + 19*j**2 + 11*j + 13. What is the units digit of l(-5)?
3
What is the hundreds digit of ((-2)/(-12) + 1/(15/(-31240)))*-2?
1
Let w(u) = u**2 + 14*u - 263. Let q be w(0). Let p = q - -482. What is the units digit of p?
9
Let o be (-1)/(-4) - (-4894)/8. Suppose 10*b + o = 2*w + 6*b, -4*w = -5*b - 1224. What is the tens digit of w?
0
Let q(r) = -148*r - 84. Let m be 20/8*4/(-15)*9. Let g be q(m). Suppose -5*h = -g + 179. What is the units digit of h?
5
Let q = -5988 - -45058. What is the thousands digit of q?
9
Let p = 2568 - -1304. What is the hundreds digit of p?
8
Let c(l) = 886*l + 389. Let z be c(6). Suppose -4*r - o + 6*o + z = 0, -4*r - 3*o + 5697 = 0. What is the hundreds digit of r?
4
Let d(w) = w**2 + 6*w + 5. Let l(j) = -4*j**3 - 7*j**2 - 9*j - 2. Let m be l(-2). What is the tens digit of d(m)?
2
Suppose 7*r - 220 - 32 = 0. Suppose l = 5*g + 23, 3*l - r = g + 61. Let s = 17 + l. What is the tens digit of s?
5
Let m = 851 - 371. Suppose m = 5*j + q + 2*q, 5*j + 2*q = 485. What is the tens digit of j?
9
Let n = 694 + 1824